+ 8*i + 0 - 6. Give j(2).
10
Let m(g) = -g**2 + 7*g - 6. Suppose 2*c - 24 = 3*t, -4*t = 4 + 12. Determine m(c).
0
Let o be (36/54)/(2/(-21) + 0). Let p(h) = -h**3 - 8*h**2 - 8*h + 1. Give p(o).
8
Let f(q) = -3*q + 14. Let b be f(7). Let h(r) = -r - 12. Give h(b).
-5
Let x(d) = -5*d - 1. Let r(w) = w**2 - w - 3. Let u be r(3). Suppose -3*k - 5*g + 6 = -u, 5*k + 5*g - 25 = 0. Let l = 9 - k. Determine x(l).
-6
Let c = -2/31 + 37/93. Let w(f) be the third derivative of 0*f + 0 - 1/24*f**4 + f**2 + c*f**3. Calculate w(-5).
7
Let y(g) = g**2 - 2*g - 4. Let h(c) = c**2 + c - 8. Let s be h(-4). Calculate y(s).
4
Let s(b) be the first derivative of -3*b**4/4 - b**3/3 + b**2/2 + b + 1. What is s(-1)?
2
Let k(t) be the third derivative of -t**6/120 - 7*t**5/60 - t**4/4 + 7*t**3/6 + 6*t**2. Give k(-6).
7
Let p = -3 + 2. Let j(g) be the first derivative of -5*g**2/2 + 6. Calculate j(p).
5
Suppose -l = -0*l - 13. Suppose 5*y - 3 = -2*a - l, 4*a - 16 = -y. Let c(q) = q**3 + 3*q**2 - 6*q - 2. Determine c(y).
6
Let z(m) = 2*m**2 - 2*m + 1. Suppose -2*y - 5 - 1 = 0. Let o = y + 2. Let d be (-3 + (-2)/(-1))/o. Calculate z(d).
1
Let x be 2/6 - 5/(-3). Let h(t) = 6 - 6*t**3 + t**x - 3 - 4. Determine h(1).
-6
Let t(c) = -c**2 - 6*c - 6. Let f be t(-4). Let s(y) = 4 + y**f + 5 + 0. Determine s(0).
9
Let z(w) = 6*w**2 - 5*w**2 - w - 2 + 1. Let o(k) = -k**2 - 5*k - 4. Let n be o(-4). Let i = -3 - n. Calculate z(i).
11
Let k(m) be the first derivative of -1/4*m**4 - 2/3*m**3 + m**2 + 3*m + 5. Give k(-3).
6
Let c(a) = -a + 5. Let f(o) = -11*o**2 - o - 5. Let q(u) = -5*u**2 - 2. Let m(k) = -6*f(k) + 13*q(k). Let d be m(-6). Determine c(d).
1
Let l(d) = d - 2. Let t be (-14)/(-2)*54/63. Let f be l(t). Let i(s) = -6 + 3*s**3 - 2*s**3 + 1 - 3*s**2 - 4*s. Determine i(f).
-5
Let t(n) = -2*n**2 - 5*n - 4. Let y(k) = k - 1. Let p = 20 + -22. Let c be y(p). Give t(c).
-7
Let t = 1 + -7. Let m(z) = -z**2 + z + 8. Let j(s) = s**2 - 7. Let c(o) = -6*j(o) - 5*m(o). Determine c(t).
-4
Let j(r) = -3*r - 20. Let q be j(-7). Let p(c) = 16*c**2 + 1. Give p(q).
17
Let z(x) = -x**2 - 8*x - 5. Suppose 2*o + 0 + 14 = 0. Let c be z(o). Let p(r) = 2*r**2 - 4*r + 3. Give p(c).
3
Let v(q) be the third derivative of 1/120*q**6 + 0*q**5 - 4/3*q**3 + 0*q**4 + 0 + 0*q - 4*q**2. What is v(0)?
-8
Let x(z) = -2*z + 5. Let n = -13 + 18. Give x(n).
-5
Let q(i) be the first derivative of i**2 + 5*i + 2. Give q(-5).
-5
Let i be (2/(-4))/(2/4). Let v(l) = 3*l - 7. Let a(t) = -3*t + 8. Let k(y) = 6*a(y) + 7*v(y). What is k(i)?
-4
Let k(f) = -f**3 + f**2 + 3*f - 2. Let v be k(2). Let p be 2 + 2 + 2*-2. Let w(h) = 0*h + 3*h + p*h - 4*h. Calculate w(v).
0
Let x(w) = 4*w**2 + w - 1. Let q be 13 + (0 - 1 - 0). Let p = -8 + q. Suppose 5*b + 4*v = 5, -p*b - 4*v = -2 - 2. Calculate x(b).
4
Let q(t) be the second derivative of t**3/3 + t**2/2 - 3*t. Suppose 0 = -3*c + 2 + 1. Let p = c - -2. Determine q(p).
7
Let y(x) be the first derivative of 23*x**2/2 + x - 4. Let z be y(1). Suppose 4*s + z = -0*s. Let n(g) = g**2 + 7*g. Determine n(s).
-6
Suppose 0 = -3*i - 2*i + 10. Suppose 0 = 4*u + 12, u + 0*u - 7 = i*j. Let m(z) = -z**3 - 6*z**2 - 5*z + 3. What is m(j)?
3
Let y be (2/(-4))/(2/(-24)). Let p(m) be the first derivative of m**4/4 - 5*m**3/3 - 7*m**2/2 - 38. Calculate p(y).
-6
Let l(y) = -3*y + 10. Let g(b) = -7*b + 21. Let k(a) = 4*g(a) - 9*l(a). Let n be (-3)/(-2 + (-9)/(-3)). Give k(n).
-3
Let g(o) be the third derivative of -o**7/5040 - o**6/144 + o**5/30 - 2*o**2. Let c(r) be the third derivative of g(r). Give c(-5).
0
Let v = 151 + -149. Let k(f) be the first derivative of 2 - 1/2*f**2 + v*f. Give k(2).
0
Let g(i) = -3 + i**3 - i**3 + 5*i**3 + 6*i**2 + 5*i - 4*i**3. Calculate g(-4).
9
Let y be (-8)/(-20) - (-54)/(-10). Let p(v) be the third derivative of v**5/60 + 5*v**4/24 + 7*v**3/6 + 13*v**2. Determine p(y).
7
Let x(w) = -2*w + 10. Let i be x(3). Let l(y) = -y**2 + 4*y + 3. Give l(i).
3
Let q(i) = -1 + 5 - 2 - i. Give q(-4).
6
Let d be 3/(-6)*(-2 + 14). Let o(l) be the first derivative of -l**3/3 - 7*l**2/2 - 6*l - 1. Give o(d).
0
Let m(c) = 3*c**2 - 5*c**2 + 2*c + 0*c + 2. Let k be (0 - -1)*(2 - 0). Let d be m(k). Let a(q) = 2*q**3 + 3*q**2 + q. Calculate a(d).
-6
Let k = 20 - 14. Let z(h) = h + 7. Determine z(k).
13
Let r(z) be the first derivative of -z**4/4 + z**3 + 3*z**2/2 - 3*z - 25. What is r(4)?
-7
Let b(o) = -2*o**2 + 2*o + 3. Let p(c) = -4*c**2 + 4*c + 7. Let z be ((-12)/(-8))/((-3)/10). Let a(g) = z*b(g) + 2*p(g). Calculate a(-1).
3
Let f = 98 - 97. Let p(v) be the first derivative of -3*v - 1/2*v**2 - f. Determine p(0).
-3
Let d(w) be the first derivative of w**6/120 - w**5/10 + 5*w**4/24 - 7*w**3/6 - w**2 - 1. Let q(h) be the second derivative of d(h). Let p = 15 - 10. Give q(p).
-7
Suppose -a + 6*a = 40. Let b be 1 + 1*a/(-2). Let n = b + 2. Let f(u) = -8*u. Calculate f(n).
8
Let g(t) = t + 5*t + t**2 - 5*t - 3 + 0*t**2. Let y = -2 - -2. Give g(y).
-3
Let p(j) = -j**2 - 3*j + 2. Let v be (2/2)/(1/3). Suppose -d + 13 = v. Suppose -3*t + d = 2*t. Give p(t).
-8
Let t be 0*(1 + (-3 - (-10)/4)). Let g(v) = -v**2 + v**3 - 7*v**2 - 12 + 9*v**2. Give g(t).
-12
Suppose 14*l + 2 = 15*l. Let n(a) = 2*a**3 - 4*a**2 + 4*a - 2. Determine n(l).
6
Let c(b) be the second derivative of 5/12*b**4 - 3*b + 0 - 3*b**2 + 1/20*b**5 + 1/6*b**3. Calculate c(-5).
-11
Let t be (-4)/(-30) - (-732)/(-90). Let a = 6 + t. Let v(b) = b**2 + 2*b + 2. What is v(a)?
2
Let p(r) = r**2 - 1. Let f = 15 - 15. What is p(f)?
-1
Suppose 1 = 3*j - 26. Let g be (5/3)/(1/j). Let d = -10 + g. Let n(r) = r**3 - 4*r**2 - 4*r - 4. What is n(d)?
1
Let o(t) = -t**2 - 3*t - 2. Let r(q) be the third derivative of -q**3/6 + 5*q**2. Let c(g) = o(g) - 3*r(g). Give c(-5).
-9
Let c(x) be the third derivative of 0*x**3 + 1/60*x**5 - x**2 - 1/8*x**4 + 0 + 0*x. Let u(i) = -i**3 - 3*i**2 + 2*i - 4. Let q be u(-4). Determine c(q).
4
Let a(l) be the first derivative of -l**5/120 + l**3/3 - 1. Let u(v) be the third derivative of a(v). What is u(-5)?
5
Suppose 6*r = 2*r. Suppose 0 = i - r*i - 2*b - 14, 0 = -4*i - 5*b + 4. Let n(l) = l - 11. Determine n(i).
-5
Let c(r) be the first derivative of -9*r**4/4 - r**2/2 - 14. Give c(-1).
10
Let b be ((-6)/(-24))/((-3)/(-4)). Let q(y) be the first derivative of b*y**3 - 1/2*y**2 + 1/4*y**4 - 6*y - 2. Give q(0).
-6
Let d(n) = 2*n**2 + 4*n + 3. Let l(i) = i**2 + 2*i + 1. Let m(r) = -3*d(r) + 5*l(r). Give m(-4).
-12
Let s(m) be the first derivative of m**4/2 - 2*m**2 - 3*m - 1. Let u(v) = v + 5. Let b be u(-7). Determine s(b).
-11
Let s(o) be the second derivative of -o**5/20 - o**4/4 - o**3/3 - o**2/2 + 13*o. What is s(-2)?
-1
Let d(v) = v**3 - 7*v**2 + 7*v - 6. Suppose 0*w + 2*w = 12. Let q be d(w). Let n(o) = -o. Let k(i) = 2*i + 2. Let z(s) = -k(s) - 3*n(s). Calculate z(q).
-2
Let u(s) be the first derivative of s**4/8 - 2*s**3/3 - 3*s**2/2 - 1. Let p(z) be the second derivative of u(z). Give p(3).
5
Let i = -12 - -8. Let o = i - -8. Let d(r) = r + 1. Let n(t) = -t - 1. Let z(c) = o*d(c) + n(c). Give z(-2).
-3
Let j(w) = w**2 - 5*w + 5. Let i be j(3). Let f be 2 + (-8)/(-4) + i. Let b(g) = -3*g + 1. Let z(r) = 7*r - 1. Let o(v) = -5*b(v) - 2*z(v). What is o(f)?
0
Let o be 40/(-4)*2/(-4). Let q(j) = -j**3 + 5*j**2 + 3*j - 4. What is q(o)?
11
Let j = -21 + 23. Let y(p) be the second derivative of 0 - 1/2*p**3 - j*p**2 - 2*p - 1/12*p**4. What is y(-3)?
-4
Suppose x + 1 = -0. Let c(p) = -p + 0*p + 2*p**2 - 4*p**2 + 8*p**3. What is c(x)?
-9
Let s(p) = p**3 + 2 + 2*p - 2*p**2 + 6*p**2 - 5*p. Give s(-5).
-8
Let k(a) = 2*a**3 - 13*a**2 + 2*a - 15. Let y(x) = x**3 - 6*x**2 + x - 7. Let n(b) = 3*k(b) - 7*y(b). Calculate n(3).
1
Let r(t) be the second derivative of -t**3/6 + t**2/2 - 2*t. Let c be r(5). Let i(u) = -u**3 - 5*u**2 - 5*u + 2. Determine i(c).
6
Let i = 2 + -2. Let z(t) = t - 2 - 2*t + 5 + 1. Determine z(i).
4
Suppose -3*t = 5*j + 25, 0*t + 5 = 5*j - 3*t. Let y(g) = g**3. Give y(j).
-8
Let p(b) = -4*b**3 - 2*b**2 + 4*b + 3. Let r(k) = 5*k**3 + 2*k**2 - 4*k - 3. Let w(h) = 4*p(h) + 3*r(h). Calculate w(-3).
0
Let d(n) be the second derivative of n**7/2520 - n**6/360 - n**5/60 - 5*n**4/12 + 4*n. Let j(s) be the third derivative of d(s). What is j(5)?
13
Let y = -65 + 69. Let x(z) = -z**2 + 5*z + 5. Give x(y).
9